{"id":57300,"date":"2020-08-31T12:06:58","date_gmt":"2020-08-31T12:06:58","guid":{"rendered":"https:\/\/bandadegaitas.menos53.es\/?page_id=57300"},"modified":"2020-09-02T10:47:55","modified_gmt":"2020-09-02T10:47:55","slug":"a-fundacion","status":"publish","type":"page","link":"https:\/\/www.escoladegaitas.es\/index.php\/a-fundacion\/","title":{"rendered":"A FUNDACI\u00d3N"},"content":{"rendered":"<p>[vc_row][vc_column css_animation=\u00bbslideInDown\u00bb]<div class=\"dt-fancy-separator h2-size accent-title-color\" style=\"width: 100%;\"><div class=\"dt-fancy-title\"><span class=\"separator-holder separator-left\"><\/span>A FUNDACI\u00d3N<span class=\"separator-holder separator-right\"><\/span><\/div><\/div>[\/vc_column][\/vc_row][vc_row][vc_column][vc_empty_space height=\u00bb45px\u00bb][\/vc_column][\/vc_row][vc_row][vc_column width=\u00bb1\/2&#8243; css=\u00bb.vc_custom_1598881428924{margin-top: 18px !important;}\u00bb][vc_column_text]<\/p>\n<h2 class=\" nd_options_text_align_center_responsive_important nd_options_first_font \" style=\"text-align: right;\"><span style=\"font-size: 24pt;\"><strong><span style=\"color: #009cde;\">A Fundaci\u00f3n Banda de Gaitas e Percusi\u00f3n da Provincia de Pontevedra ampara \u00e1 Banda e a labor formativa da Escola de Gaitas e Percusi\u00f3n.<\/span><\/strong><\/span><\/h2>\n<p>[\/vc_column_text][\/vc_column][vc_column width=\u00bb1\/2&#8243;][vc_column_text]<span style=\"color: #808080;\">A Fundaci\u00f3n Banda de Gaitas e Percusi\u00f3n da Provincia de Pontevedra promulga a valorizaci\u00f3n, o respeto e a transmisi\u00f3n interxeracional tanto da m\u00fasica como da tradici\u00f3n galega. Estas labores son realizadas a trav\u00e9s da Banda de Gaitas, activa dende o ano 2001, e da importante labor formativa da Escola de Gaitas e Percusi\u00f3n da Provincia de Pontevedra. Un proxecto formativo, dirixido por Hip\u00f3lito, creado para dar a co\u00f1ecer, respectar e transmitir tanto a m\u00fasica como a tradici\u00f3n galega a trav\u00e9s da gaita e percusi\u00f3n galega e que conta con cifras tan importantes como estas:<\/span>[\/vc_column_text][\/vc_column][\/vc_row][vc_row][vc_column][vc_empty_space height=\u00bb45px\u00bb][\/vc_column][\/vc_row][vc_row full_width=\u00bbstretch_row_content_no_spaces\u00bb][vc_column][vc_single_image image=\u00bb57319&#8243; img_size=\u00bbfull\u00bb alignment=\u00bbcenter\u00bb style=\u00bbvc_box_shadow\u00bb][\/vc_column][\/vc_row][vc_row full_width=\u00bbstretch_row_content_no_spaces\u00bb][vc_column][vc_empty_space height=\u00bb45px\u00bb][\/vc_column][\/vc_row][vc_row][vc_column width=\u00bb1\/2&#8243;][vc_column_text]<\/p>\n<p style=\"text-align: right;\"><span style=\"color: #808080;\">A Escola de Gaitas nace en 2005, inicialmente coas Escolas do Saln\u00e9s (Vilanova de Arousa), Deza (Lal\u00edn), Morrazo (Cangas), Centro (Pontevedra) e Sur (Vigo) .<\/span><\/p>\n<p style=\"text-align: right;\"><span style=\"color: #808080;\">A Escola comeza a s\u00faa andaina con\u00a0 278 matr\u00edculas, na actualidade estamos preto das 700. En Agosto do 2015 a nova corporaci\u00f3n da Deputaci\u00f3n de Pontevedra rescinde o apoio a Escola quedando con d\u00faas Escolas, Vigo e Pontevedra.<\/span><span style=\"color: #808080;\">Hoxe en d\u00eda, a Escola \u00e9 un viveiro de alumnos para moitas agrupaci\u00f3ns e asociaci\u00f3ns musca\u00eds da provincia.<\/span><\/p>\n<p>[\/vc_column_text][\/vc_column][vc_column width=\u00bb1\/2&#8243; css=\u00bb.vc_custom_1598881422024{margin-top: 18px !important;}\u00bb][vc_column_text]<\/p>\n<h2 class=\" nd_options_text_align_center_responsive_important nd_options_first_font \" style=\"text-align: left;\"><span style=\"font-size: 24pt;\"><strong><span style=\"color: #009cde;\">Este proxecto formativo est\u00e1 dirixido a todos os interesados, rapaces e adultos. Alumnos que poder\u00e1n disfrutar desta formaci\u00f3n definindo idade, niveles, etc&#8230;<\/span><\/strong><\/span><\/h2>\n<p>[\/vc_column_text][\/vc_column][\/vc_row][vc_row full_width=\u00bbstretch_row_content_no_spaces\u00bb][vc_column][vc_empty_space height=\u00bb60px\u00bb][\/vc_column][\/vc_row][vc_row][vc_column][vc_raw_html]JTVCc3VwZXJfZm9ybSUyMGlkJTNEJTIyNTc1OTclMjIlNUQ=[\/vc_raw_html][\/vc_column][\/vc_row]<\/p>\n","protected":false},"excerpt":{"rendered":"<p>[vc_row][vc_column css_animation=\u00bbslideInDown\u00bb][\/vc_column][\/vc_row][vc_row][vc_column][vc_empty_space height=\u00bb45px\u00bb][\/vc_column][\/vc_row][vc_row][vc_column width=\u00bb1\/2&#8243; css=\u00bb.vc_custom_1598881428924{margin-top: 18px !important;}\u00bb][vc_column_text] A Fundaci\u00f3n Banda de Gaitas e Percusi\u00f3n da Provincia de Pontevedra ampara \u00e1 Banda e a labor formativa da Escola de Gaitas e Percusi\u00f3n. [\/vc_column_text][\/vc_column][vc_column width=\u00bb1\/2&#8243;][vc_column_text]A Fundaci\u00f3n Banda de Gaitas e Percusi\u00f3n da Provincia de Pontevedra promulga a valorizaci\u00f3n, o respeto e a transmisi\u00f3n interxeracional tanto da m\u00fasica&hellip;<\/p>\n","protected":false},"author":2,"featured_media":0,"parent":0,"menu_order":0,"comment_status":"closed","ping_status":"closed","template":"","meta":[],"class_list":["post-57300","page","type-page","status-publish","hentry","description-off"],"yoast_head":"<!-- This site is optimized with the Yoast SEO plugin v17.1 - https:\/\/yoast.com\/wordpress\/plugins\/seo\/ -->\n<title>A FUNDACI\u00d3N - Escola de Gaitas e Percusi\u00f3n da Provincia de Pontevedra<\/title>\n<meta name=\"robots\" content=\"index, follow, max-snippet:-1, max-image-preview:large, max-video-preview:-1\" \/>\n<link rel=\"canonical\" href=\"https:\/\/www.escoladegaitas.es\/index.php\/a-fundacion\/\" \/>\n<meta property=\"og:locale\" content=\"es_ES\" \/>\n<meta property=\"og:type\" content=\"article\" \/>\n<meta property=\"og:title\" content=\"A FUNDACI\u00d3N - Escola de Gaitas e Percusi\u00f3n da Provincia de Pontevedra\" \/>\n<meta property=\"og:description\" content=\"[vc_row][vc_column css_animation=\u00bbslideInDown\u00bb][\/vc_column][\/vc_row][vc_row][vc_column][vc_empty_space height=\u00bb45px\u00bb][\/vc_column][\/vc_row][vc_row][vc_column width=\u00bb1\/2&#8243; css=\u00bb.vc_custom_1598881428924{margin-top: 18px !important;}\u00bb][vc_column_text] A Fundaci\u00f3n Banda de Gaitas e Percusi\u00f3n da Provincia de Pontevedra ampara \u00e1 Banda e a labor formativa da Escola de Gaitas e Percusi\u00f3n. [\/vc_column_text][\/vc_column][vc_column width=\u00bb1\/2&#8243;][vc_column_text]A Fundaci\u00f3n Banda de Gaitas e Percusi\u00f3n da Provincia de Pontevedra promulga a valorizaci\u00f3n, o respeto e a transmisi\u00f3n interxeracional tanto da m\u00fasica&hellip;\" \/>\n<meta property=\"og:url\" content=\"https:\/\/www.escoladegaitas.es\/index.php\/a-fundacion\/\" \/>\n<meta property=\"og:site_name\" content=\"Escola de Gaitas e Percusi\u00f3n da Provincia de Pontevedra\" \/>\n<meta property=\"article:modified_time\" content=\"2020-09-02T10:47:55+00:00\" \/>\n<meta name=\"twitter:card\" content=\"summary_large_image\" \/>\n<meta name=\"twitter:label1\" content=\"Tiempo de lectura\" \/>\n\t<meta name=\"twitter:data1\" content=\"2 minutos\" \/>\n<script type=\"application\/ld+json\" class=\"yoast-schema-graph\">{\"@context\":\"https:\/\/schema.org\",\"@graph\":[{\"@type\":\"WebSite\",\"@id\":\"https:\/\/www.escoladegaitas.es\/#website\",\"url\":\"https:\/\/www.escoladegaitas.es\/\",\"name\":\"Escola de Gaitas e Percusi\\u00f3n da Provincia de Pontevedra\",\"description\":\"\",\"potentialAction\":[{\"@type\":\"SearchAction\",\"target\":{\"@type\":\"EntryPoint\",\"urlTemplate\":\"https:\/\/www.escoladegaitas.es\/?s={search_term_string}\"},\"query-input\":\"required name=search_term_string\"}],\"inLanguage\":\"es\"},{\"@type\":\"WebPage\",\"@id\":\"https:\/\/www.escoladegaitas.es\/index.php\/a-fundacion\/#webpage\",\"url\":\"https:\/\/www.escoladegaitas.es\/index.php\/a-fundacion\/\",\"name\":\"A FUNDACI\\u00d3N - Escola de Gaitas e Percusi\\u00f3n da Provincia de Pontevedra\",\"isPartOf\":{\"@id\":\"https:\/\/www.escoladegaitas.es\/#website\"},\"datePublished\":\"2020-08-31T12:06:58+00:00\",\"dateModified\":\"2020-09-02T10:47:55+00:00\",\"breadcrumb\":{\"@id\":\"https:\/\/www.escoladegaitas.es\/index.php\/a-fundacion\/#breadcrumb\"},\"inLanguage\":\"es\",\"potentialAction\":[{\"@type\":\"ReadAction\",\"target\":[\"https:\/\/www.escoladegaitas.es\/index.php\/a-fundacion\/\"]}]},{\"@type\":\"BreadcrumbList\",\"@id\":\"https:\/\/www.escoladegaitas.es\/index.php\/a-fundacion\/#breadcrumb\",\"itemListElement\":[{\"@type\":\"ListItem\",\"position\":1,\"name\":\"Home\",\"item\":\"https:\/\/www.escoladegaitas.es\/\"},{\"@type\":\"ListItem\",\"position\":2,\"name\":\"A FUNDACI\\u00d3N\"}]}]}<\/script>\n<!-- \/ Yoast SEO plugin. -->","yoast_head_json":{"title":"A FUNDACI\u00d3N - Escola de Gaitas e Percusi\u00f3n da Provincia de Pontevedra","robots":{"index":"index","follow":"follow","max-snippet":"max-snippet:-1","max-image-preview":"max-image-preview:large","max-video-preview":"max-video-preview:-1"},"canonical":"https:\/\/www.escoladegaitas.es\/index.php\/a-fundacion\/","og_locale":"es_ES","og_type":"article","og_title":"A FUNDACI\u00d3N - Escola de Gaitas e Percusi\u00f3n da Provincia de Pontevedra","og_description":"[vc_row][vc_column css_animation=\u00bbslideInDown\u00bb][\/vc_column][\/vc_row][vc_row][vc_column][vc_empty_space height=\u00bb45px\u00bb][\/vc_column][\/vc_row][vc_row][vc_column width=\u00bb1\/2&#8243; css=\u00bb.vc_custom_1598881428924{margin-top: 18px !important;}\u00bb][vc_column_text] A Fundaci\u00f3n Banda de Gaitas e Percusi\u00f3n da Provincia de Pontevedra ampara \u00e1 Banda e a labor formativa da Escola de Gaitas e Percusi\u00f3n. [\/vc_column_text][\/vc_column][vc_column width=\u00bb1\/2&#8243;][vc_column_text]A Fundaci\u00f3n Banda de Gaitas e Percusi\u00f3n da Provincia de Pontevedra promulga a valorizaci\u00f3n, o respeto e a transmisi\u00f3n interxeracional tanto da m\u00fasica&hellip;","og_url":"https:\/\/www.escoladegaitas.es\/index.php\/a-fundacion\/","og_site_name":"Escola de Gaitas e Percusi\u00f3n da Provincia de Pontevedra","article_modified_time":"2020-09-02T10:47:55+00:00","twitter_card":"summary_large_image","twitter_misc":{"Tiempo de lectura":"2 minutos"},"schema":{"@context":"https:\/\/schema.org","@graph":[{"@type":"WebSite","@id":"https:\/\/www.escoladegaitas.es\/#website","url":"https:\/\/www.escoladegaitas.es\/","name":"Escola de Gaitas e Percusi\u00f3n da Provincia de Pontevedra","description":"","potentialAction":[{"@type":"SearchAction","target":{"@type":"EntryPoint","urlTemplate":"https:\/\/www.escoladegaitas.es\/?s={search_term_string}"},"query-input":"required name=search_term_string"}],"inLanguage":"es"},{"@type":"WebPage","@id":"https:\/\/www.escoladegaitas.es\/index.php\/a-fundacion\/#webpage","url":"https:\/\/www.escoladegaitas.es\/index.php\/a-fundacion\/","name":"A FUNDACI\u00d3N - Escola de Gaitas e Percusi\u00f3n da Provincia de Pontevedra","isPartOf":{"@id":"https:\/\/www.escoladegaitas.es\/#website"},"datePublished":"2020-08-31T12:06:58+00:00","dateModified":"2020-09-02T10:47:55+00:00","breadcrumb":{"@id":"https:\/\/www.escoladegaitas.es\/index.php\/a-fundacion\/#breadcrumb"},"inLanguage":"es","potentialAction":[{"@type":"ReadAction","target":["https:\/\/www.escoladegaitas.es\/index.php\/a-fundacion\/"]}]},{"@type":"BreadcrumbList","@id":"https:\/\/www.escoladegaitas.es\/index.php\/a-fundacion\/#breadcrumb","itemListElement":[{"@type":"ListItem","position":1,"name":"Home","item":"https:\/\/www.escoladegaitas.es\/"},{"@type":"ListItem","position":2,"name":"A FUNDACI\u00d3N"}]}]}},"_links":{"self":[{"href":"https:\/\/www.escoladegaitas.es\/index.php\/wp-json\/wp\/v2\/pages\/57300","targetHints":{"allow":["GET"]}}],"collection":[{"href":"https:\/\/www.escoladegaitas.es\/index.php\/wp-json\/wp\/v2\/pages"}],"about":[{"href":"https:\/\/www.escoladegaitas.es\/index.php\/wp-json\/wp\/v2\/types\/page"}],"author":[{"embeddable":true,"href":"https:\/\/www.escoladegaitas.es\/index.php\/wp-json\/wp\/v2\/users\/2"}],"replies":[{"embeddable":true,"href":"https:\/\/www.escoladegaitas.es\/index.php\/wp-json\/wp\/v2\/comments?post=57300"}],"version-history":[{"count":8,"href":"https:\/\/www.escoladegaitas.es\/index.php\/wp-json\/wp\/v2\/pages\/57300\/revisions"}],"predecessor-version":[{"id":57660,"href":"https:\/\/www.escoladegaitas.es\/index.php\/wp-json\/wp\/v2\/pages\/57300\/revisions\/57660"}],"wp:attachment":[{"href":"https:\/\/www.escoladegaitas.es\/index.php\/wp-json\/wp\/v2\/media?parent=57300"}],"curies":[{"name":"wp","href":"https:\/\/api.w.org\/{rel}","templated":true}]}}